 414. Suppose -470 = -5*s - r. What is the units digit of s?
7
Let i = 11785 - 2684. What is the tens digit of i?
0
Suppose -84*b + 91*b = 15029. Suppose 2*f = -2*v + b + 345, 5*v - 6210 = -f. What is the tens digit of v?
4
What is the thousands digit of (-105)/(-147) + 67692/7?
9
Suppose 0 = -38*c + 436 - 18. Suppose 4*d = c*d - 1792. What is the hundreds digit of d?
2
Let p = -1367 + 6099. What is the units digit of p?
2
Let c(k) = 1020*k**2 + 1498*k + 13. What is the thousands digit of c(-7)?
9
Let k = -10356 + 12425. What is the thousands digit of k?
2
Suppose -213*p - 639860 = -259*p. What is the hundreds digit of p?
9
Suppose 54*f - 221843 = 4*f + 535907. What is the units digit of f?
5
What is the tens digit of 84*(-1244)/(-4) + 1 + -13?
1
Let k(r) = 42*r - 134. Let x be k(29). Let v = x + -740. What is the units digit of v?
4
Let l be (-2 + 52/20)/((-1)/(-185)). Let r = l - 33. What is the units digit of r?
8
Let c(x) = -5*x**3 - 117*x**2 + 24*x - 195. What is the thousands digit of c(-35)?
0
Let n = 13 + -2. Let j(g) = -8*g**2 + 38*g**2 + 27*g - 18*g**2 - 13*g**2 - 16. What is the units digit of j(n)?
0
Let g be 19870/38 + (-180)/95 + 2. What is the tens digit of (g - -31) + (-1 - -6)?
5
What is the hundreds digit of -10 - (-10)/(-15)*-9618?
4
What is the thousands digit of (-115089)/(-18) - -1*2/((-60)/(-5))?
6
Let d(b) be the first derivative of b**3/3 - 2*b + 13. Let i be d(2). Suppose i*h - 233 = 3*l, 0 = -5*h + l - 2*l + 540. What is the hundreds digit of h?
1
Suppose -2*v = 3*f - 50, 4*v - 6*v + 2 = 0. Suppose f*k = 4011 - 667. What is the hundreds digit of k?
2
Suppose -4*s + 36816 = 109*u - 113*u, 0 = 5*s + u - 46068. What is the hundreds digit of s?
2
Let u(p) = 117*p - 7. Let s be ((-40)/(-25))/((-8)/(-40)) + 4. What is the thousands digit of u(s)?
1
Suppose -86*j + 332799 = -207195. What is the units digit of j?
9
Suppose 4*u - 4*x = x - 387, -4*u - 357 = 5*x. Let s = 264 - u. What is the hundreds digit of s?
3
Suppose 0 = 75*h - 70*h + 2*u - 21, 0 = 2*u - 6. Let t(d) = d**2 + 2*d**2 + 11*d - 1 - 1. What is the tens digit of t(h)?
5
Suppose -4*t + 3*d = 5 - 17, -4*d = 5*t + 16. Suppose 0 = 2*c + 3*m - 16, -3*c + m - 3*m + 14 = t. Suppose -4*g + 130 = -c*g. What is the tens digit of g?
6
Let i = -11296 - -14737. What is the tens digit of i?
4
Suppose 4*q = 2*q + 5*f - 6729, 0 = 4*q + 2*f + 13494. What is the hundreds digit of q/(-14) - (9 + -12)/21?
2
Suppose 4*l - 250840 = -2*a, -9 = 5*a + 21. What is the hundreds digit of l?
7
Suppose -2*x + 5*x - 2225 = v, 2*v = 5*x - 3707. Let w = x + 108. What is the units digit of w?
1
Suppose -552 = -3*a + 9*a. Let m = a - -92. Let c(d) = d**2 + 5*d + 73. What is the tens digit of c(m)?
7
Suppose 454*k = 481*k - 1350. What is the tens digit of k?
5
Suppose 4*t = t + 468. Let i = t + 335. What is the tens digit of i?
9
Let m(h) = 35*h**2 + 45*h - 7. What is the hundreds digit of m(15)?
5
Let c(v) = -37 + 37 + 60 + 41 + 18 - 20*v. What is the hundreds digit of c(-14)?
3
Let r(w) = -5258*w**2 + 2*w**3 - 29 - 3*w**3 + 17*w + 5270*w**2. Suppose -p = -4*p + 39. What is the tens digit of r(p)?
2
Suppose -3*o + 39648 = j, -24*j + 29*j - 66100 = -5*o. What is the thousands digit of o?
3
Let v = 119 + -110. Suppose 5*d - 2*w = w + 569, -3*w = v. What is the units digit of d?
2
Suppose 9*s = 6*s + 12. Suppose s*r - 10 = 6. Suppose r*w + 0*w = -5*p + 126, -3*p + 74 = 2*w. What is the units digit of p?
2
Suppose 40*n - 66 = 39*n. Suppose -4*v = 2*w - 148 - n, 250 = 5*v - w. What is the tens digit of v?
5
Suppose 4*h + p + 725 = -443, -5*h - 1460 = -p. Let f = h - -725. What is the units digit of f?
3
Let h be (2/40*-256)/(2/(-5)). Let b(v) = 12*v**2 - v - 2. Let q be b(-2). What is the units digit of ((-904)/(-6))/(h/q)?
6
Suppose -5*p + 27*b - 25*b = -55725, 0 = -p - 4*b + 11123. What is the thousands digit of p?
1
Suppose -a + 4*a + 3 = 0, -3*c - 92 = 2*a. Let w be (15/(-10))/(9/c). Suppose 20 = -4*r, -3*r = w*b + r - 625. What is the units digit of b?
9
Let j(z) be the second derivative of 7*z**5/10 + z**4/6 + 3*z**3/2 - 8*z**2 - 3*z - 6. What is the hundreds digit of j(2)?
1
Suppose 2*j - 5*m + 303 = 0, j - 11*m + 139 = -6*m. Let b = j + 511. What is the hundreds digit of b?
3
Suppose o = -3*n + 49, -5*o = 2*n + 2*n - 47. Suppose -n + 10 = -2*q. Suppose 0 = -5*l - 4*s + 929, 4*s - 744 = -q*l + s. What is the tens digit of l?
8
Suppose -t + 6264 = -2*s - 11333, -4*t - 3*s + 70388 = 0. What is the thousands digit of t?
7
Let p(a) = -360*a + 88. Let s be (-5)/(-5)*-3*40/30. What is the hundreds digit of p(s)?
5
What is the ten thousands digit of 62899 + (-35 - -13) - (-1 - 6)?
6
Let p(k) = -2*k + 5. Let u be p(-6). Suppose 11*r = 6394 + 9930. Suppose -r = -24*l + u*l. What is the hundreds digit of l?
2
Let h be 42/12*(-4)/(-7). Suppose -5*i = 2*a - 15, -a = -3*a + h*i + 8. Suppose j - 14 = a. What is the tens digit of j?
1
Let u be 9*(-4 + (-70)/(-15)). Suppose 5*y + u*y + 990 = 0. What is the units digit of (y*3)/(-6) - 0/(-2)?
5
Suppose -26*i = -68*i + 392878 + 395630. What is the units digit of i?
4
Suppose 0 = -39*q + 119528 - 68726 + 65379. What is the tens digit of q?
7
Let u be (30/24)/(11/264). Suppose u*o - 12995 = 6685. What is the tens digit of o?
5
Suppose -k + 6 = k, 3*k = -3*y - 33. Let u be 9/(2 + y/8). Let x = -26 + u. What is the units digit of x?
0
Suppose -4*i = -g - 43924, -5*i - 2*g + 17636 = -37269. What is the ten thousands digit of i?
1
Suppose 8*w = -3*w - 1298. Let y = -64 - w. Let c = y - -26. What is the tens digit of c?
8
Let p(u) = -10*u - 46. Let d be p(-4). Let n be (-2)/6*(d + -3) + -3. What is the hundreds digit of (n - -8)/((5 - 6)/(-17))?
1
Let r(z) = 24*z**2 + z - 1. Let g be r(1). Let a = 890 - 994. Let o = g - a. What is the hundreds digit of o?
1
Suppose 347537 + 69313 = 21*a. What is the hundreds digit of a?
8
Let y be 4/3 + 64/(-12). Let s be y/12*-9 + 1. Suppose 6*i - 3*i = 3*a - 210, -s*i = 4*a - 264. What is the tens digit of a?
6
Let y(t) = t**3 + 10*t**2 - 8*t. Let w be y(-6). Let m = 25 + w. What is the hundreds digit of m?
2
Let x(y) = -2*y**2 + 3*y - 4. Let p be x(2). Let i be (1587/p)/((-4)/(0 + 8)). Suppose -3*b + i = -110. What is the units digit of b?
3
Suppose 2*v = x + 21663 + 4472, 2*v + 5*x - 26153 = 0. What is the tens digit of v?
6
Let s be (1/(-3))/(-2 - (-105)/54). Suppose -s*o = -o - 20. Suppose 294 = o*c - c. What is the units digit of c?
8
What is the tens digit of ((-574404)/(-78) - 7) + (-14)/91?
5
Let l be (4 - (-2 - -5))/(3/15). Suppose -142 - 188 = -j - 3*h, l*j - 2*h = 1667. What is the hundreds digit of j?
3
Let v(p) = -2*p**2 + 14*p - 42. Let t(w) = -3*w**2 + 18*w**2 - 20 - 18*w**2 + 15*w - 22. Let q(i) = -3*t(i) + 4*v(i). What is the units digit of q(12)?
4
Suppose 0 = -c - 3*a + 6, -2*c + a + 2*a = -3. What is the tens digit of (-2)/((-4690)/1562 + c)?
8
Let n = 259 + -143. Suppose -2*t = 14*f - 16*f + 72, 3*t = -4*f + n. What is the tens digit of f?
3
Let w(y) = 11*y + 11. Let j be (6/(-3))/(2/4). Let a = 15 - j. What is the tens digit of w(a)?
2
Let i(r) = r**2 - r - 2. Let w be i(2). Let h be -42*(-13 + w + -1). What is the hundreds digit of ((-1)/3 + 2)/(7/h)?
1
Let c be (54/(-12) + 1)/(2/(-4)). Let i(f) = -36*f - 96. Let j(a) = -9*a - 24. Let k(u) = 2*i(u) - 9*j(u). What is the units digit of k(c)?
7
Let c(q) = q**3 + 5*q**2 + 4*q - 2. Let r be c(-2). Suppose 3*f - r = -17. What is the hundreds digit of 194 + -1 - (4 + -8 - f)?
1
Let k(h) = -h**3 + 3*h**2 - 10. Let u be k(6). Let t = u + 178. Suppose 6*w - t = 504. What is the tens digit of w?
9
Suppose 21*s = -70794 + 1389342. What is the thousands digit of s?
2
Suppose -g + 4*m - 3 = -66, 5*g - 407 = -3*m. Let t = 136 - 111. Let d = g - t. What is the units digit of d?
4
Let f(n) = -7840*n - 6. Let m be f(-1). Suppose 4*k - 3*g = m - 1127, -5*k = g - 8398. What is the hundreds digit of k?
6
Suppose 6 + 9 = 3*p. Suppose r - 510 = -p*r. What is the units digit of r?
5
Let g(a) = -2*a**3 - 2*a**2 - 4*a - 6. Let z be (-6 - (-4 + 0))*-1. Suppose -5 + z = b. What is the units digit of g(b)?
2
Let r(o) be the second derivative of -7*o**3/6 + 6*o**2 + o - 19. Let t be (-34)/4 + (-5)/10. What is the units digit of r(t)?
5
Let i(y) = -y**2 + 4*y + 122. Let j be i(13). Su